{"id":2658,"date":"2019-02-07T16:11:01","date_gmt":"2019-02-07T15:11:01","guid":{"rendered":"https:\/\/www.lyttildinkrop.dk\/?page_id=2658"},"modified":"2026-02-12T15:49:17","modified_gmt":"2026-02-12T14:49:17","slug":"annika","status":"publish","type":"page","link":"https:\/\/www.lyttildinkrop.dk\/?page_id=2658","title":{"rendered":"ANNIKA"},"content":{"rendered":"\n<div class=\"wp-block-media-text alignwide is-stacked-on-mobile\"><figure class=\"wp-block-media-text__media\"><img loading=\"lazy\" decoding=\"async\" width=\"823\" height=\"823\" src=\"https:\/\/www.lyttildinkrop.dk\/wp-content\/uploads\/2023\/10\/2023-09-11-15.19.47-e1770907594127.jpg\" alt=\"\" class=\"wp-image-4932 size-full\" srcset=\"https:\/\/www.lyttildinkrop.dk\/wp-content\/uploads\/2023\/10\/2023-09-11-15.19.47-e1770907594127.jpg 823w, https:\/\/www.lyttildinkrop.dk\/wp-content\/uploads\/2023\/10\/2023-09-11-15.19.47-e1770907594127-300x300.jpg 300w, https:\/\/www.lyttildinkrop.dk\/wp-content\/uploads\/2023\/10\/2023-09-11-15.19.47-e1770907594127-150x150.jpg 150w, https:\/\/www.lyttildinkrop.dk\/wp-content\/uploads\/2023\/10\/2023-09-11-15.19.47-e1770907594127-768x768.jpg 768w, https:\/\/www.lyttildinkrop.dk\/wp-content\/uploads\/2023\/10\/2023-09-11-15.19.47-e1770907594127-720x720.jpg 720w, https:\/\/www.lyttildinkrop.dk\/wp-content\/uploads\/2023\/10\/2023-09-11-15.19.47-e1770907594127-560x560.jpg 560w\" sizes=\"auto, (max-width: 823px) 100vw, 823px\" \/><\/figure><div class=\"wp-block-media-text__content\">\n<p style=\"font-size:16px;font-style:normal;font-weight:200\"><em>Jeg har opdaget hvordan jeg kan g\u00f8re en forskel i livet gennem at dele min historie. Min undervisning begynder altid hos mig selv. Det som jeg intuitivt har brug for finder jeg, udforsker, pr\u00f8ver og tager ind i mit hjerte. Jeg l\u00e6rer mig bedre at kende ved at f\u00f8lge min passion. At v\u00e6re i kroppen, bev\u00e6gelse, dans, at stoppe op, m\u00e6rke og sanse, v\u00e6re stille, meditere, lytte til tanker, f\u00f8lge \u00e5ndedr\u00e6ttet, omfavne tilstanden der er til stede i nuet.<\/em> <em>Min egen vej gennem livet giver jeg videre som inspiration til dig. Alle m\u00f8der og historier er unikke og jeg er taknemlig over at f\u00e5 lov til lytte til s\u00e5 mange historier gennem mine rejser som yogal\u00e6rer og som menneske i livet. <\/em><\/p>\n<\/div><\/div>\n","protected":false},"excerpt":{"rendered":"<p>Jeg har opdaget hvordan jeg kan g\u00f8re en forskel i livet gennem at dele min historie. Min undervisning begynder altid &hellip; <a class=\"more-link\" href=\"https:\/\/www.lyttildinkrop.dk\/?page_id=2658\">More<\/a><\/p>\n","protected":false},"author":2,"featured_media":2520,"parent":0,"menu_order":7,"comment_status":"closed","ping_status":"closed","template":"","meta":{"footnotes":""},"class_list":["post-2658","page","type-page","status-publish","has-post-thumbnail","hentry",""],"_links":{"self":[{"href":"https:\/\/www.lyttildinkrop.dk\/index.php?rest_route=\/wp\/v2\/pages\/2658","targetHints":{"allow":["GET"]}}],"collection":[{"href":"https:\/\/www.lyttildinkrop.dk\/index.php?rest_route=\/wp\/v2\/pages"}],"about":[{"href":"https:\/\/www.lyttildinkrop.dk\/index.php?rest_route=\/wp\/v2\/types\/page"}],"author":[{"embeddable":true,"href":"https:\/\/www.lyttildinkrop.dk\/index.php?rest_route=\/wp\/v2\/users\/2"}],"replies":[{"embeddable":true,"href":"https:\/\/www.lyttildinkrop.dk\/index.php?rest_route=%2Fwp%2Fv2%2Fcomments&post=2658"}],"version-history":[{"count":35,"href":"https:\/\/www.lyttildinkrop.dk\/index.php?rest_route=\/wp\/v2\/pages\/2658\/revisions"}],"predecessor-version":[{"id":5601,"href":"https:\/\/www.lyttildinkrop.dk\/index.php?rest_route=\/wp\/v2\/pages\/2658\/revisions\/5601"}],"wp:featuredmedia":[{"embeddable":true,"href":"https:\/\/www.lyttildinkrop.dk\/index.php?rest_route=\/wp\/v2\/media\/2520"}],"wp:attachment":[{"href":"https:\/\/www.lyttildinkrop.dk\/index.php?rest_route=%2Fwp%2Fv2%2Fmedia&parent=2658"}],"curies":[{"name":"wp","href":"https:\/\/api.w.org\/{rel}","templated":true}]}}