{"id":4358,"date":"2022-10-23T19:35:44","date_gmt":"2022-10-23T18:35:44","guid":{"rendered":"https:\/\/www.lyttildinkrop.dk\/?page_id=4358"},"modified":"2023-07-10T21:55:27","modified_gmt":"2023-07-10T20:55:27","slug":"yogaform-2","status":"publish","type":"page","link":"https:\/\/www.lyttildinkrop.dk\/?page_id=4358","title":{"rendered":"Yogaform"},"content":{"rendered":"\n<p>Yoga er for mig n\u00e6rv\u00e6r, opm\u00e6rksomhed, kropsbevidsthed og balance. Du vil blive guidet ind i hvert enkelt led og muskel i kroppen, forh\u00e5benlig helt ind til dit hjerte. Din krop v\u00e6kkes via fokus p\u00e5 dit nervesystem og dit \u00e5ndedr\u00e6t, hvor du \u00e5bner op for muligheden for at skabe en fri bev\u00e6gelse, bev\u00e6gelse med lethed, uden modstand eller smerter.<\/p>\n\n\n\n<div class=\"wp-block-cover aligncenter is-light\"><span aria-hidden=\"true\" class=\"wp-block-cover__background has-background-dim\"><\/span><img loading=\"lazy\" decoding=\"async\" width=\"1182\" height=\"899\" class=\"wp-block-cover__image-background wp-image-4338\" alt=\"Foto Heidi Maxmiling maxmiling.dk\" src=\"https:\/\/www.lyttildinkrop.dk\/wp-content\/uploads\/2022\/10\/Yoga-treepose-1-e1666549917403.jpg\" style=\"object-position:100% 100%\" data-object-fit=\"cover\" data-object-position=\"100% 100%\" srcset=\"https:\/\/www.lyttildinkrop.dk\/wp-content\/uploads\/2022\/10\/Yoga-treepose-1-e1666549917403.jpg 1182w, https:\/\/www.lyttildinkrop.dk\/wp-content\/uploads\/2022\/10\/Yoga-treepose-1-e1666549917403-300x228.jpg 300w, https:\/\/www.lyttildinkrop.dk\/wp-content\/uploads\/2022\/10\/Yoga-treepose-1-e1666549917403-768x584.jpg 768w, https:\/\/www.lyttildinkrop.dk\/wp-content\/uploads\/2022\/10\/Yoga-treepose-1-e1666549917403-720x548.jpg 720w, https:\/\/www.lyttildinkrop.dk\/wp-content\/uploads\/2022\/10\/Yoga-treepose-1-e1666549917403-560x426.jpg 560w\" sizes=\"auto, (max-width: 1182px) 100vw, 1182px\" \/><div class=\"wp-block-cover__inner-container is-layout-flow wp-block-cover-is-layout-flow\">\n<p class=\"has-text-align-center has-large-font-size\"><\/p>\n<\/div><\/div>\n\n\n\n<p class=\"has-small-font-size\">Foto Heidi Maxmiling maxmiling.dk i forbindelse med projektet &#8220;\u00c6rlighed kr\u00e6ver mod &#8211; portr\u00e6t af kvindekroppen&#8221;<\/p>\n\n\n\n<p>Jeg er uddannet p\u00e5 Yoga Skolen i Helsing\u00f8r. Der blev jeg pr\u00e6senteret for forskellige typer at yoga som\u00a0 Yoga INmotion\u00ae, Dynamic Yoga, Astanga yoga, Vinyasa-yoga, Hatha-yoga, Anusara, Yin Yoga, Kundalini, Ranja, Karma yoga, Bhakti yoga, Janana yoga med mere. Jeg lander i en yogaform som kun kan beskrives som &#8220;Annika yoga&#8221;, en form som forts\u00e6tter at udvikles sammen med mig.<\/p>\n\n\n\n<blockquote class=\"wp-block-quote has-small-font-size is-layout-flow wp-block-quote-is-layout-flow\">\n<p>&#8220;<em>Annika, som underviser, viser mennesket vejen til sit hjerte<\/em>&#8220;<\/p>\n<cite><em>S\u00f8ren Rasmussen, Yoga skolen i Helsing\u00f8r<\/em><\/cite><\/blockquote>\n\n\n\n<p><\/p>\n\n\n\n<p>Eftersom jeg selv har v\u00e6ret p\u00e5virket at en hektisk hverdag, og m\u00f8der den hektiske hverdag gennem de mennesker jeg m\u00f8der til daglig, er min personlige yogaform blevet blid, flydende og sansende. Jeg bruger i h\u00f8j grad meget sm\u00e5 bev\u00e6gelser, tit og ofte bare en \u00f8velse ad gangen eller nogle f\u00e5 \u00f8velser som smelter sammen i et mindre flow, hvor du giver hvert \u00f8jeblik din fulde opm\u00e6rksomhed.<\/p>\n\n\n\n<p>N\u00e5r du g\u00e5r p\u00e5 opdagelse i kroppen, er det som at g\u00e5 p\u00e5 opdagelse i livet. Du finder ud af om der er noget som ikke bev\u00e6ger sig. Finder ud af hvor der er noget som holder dig tilbage. Finder ud af hvor du kan \u00e5nde.<\/p>\n\n\n\n<p>Nogle gange kan min yoga blive lidt til den \u201dn\u00f8rdede\u201d side, men hvis du virkelig er nysgerrig p\u00e5 dig selv og din potentiale s\u00e5 er der noget at hente i alle bev\u00e6gelser sm\u00e5 som store, og noget af hente i stilheden og pauserne imellem.<\/p>\n\n\n\n<p>Jeg inviterer dig til at tage \u00f8velser og din opm\u00e6rksomhed med hjem i din hverdag s\u00e5 du kan l\u00e6gge m\u00e6rke til dine vanem\u00f8nstre og unders\u00f8ge om du har brug for at justere din krop, din stilling, din sinnestilstand i det som beskrives s\u00e5 smukt p\u00e5 engelsk &#8220;in the present moment&#8221;.<\/p>\n\n\n\n<p>Jeg elsker denne smukke fort\u00e6lling om hvad yoga kan v\u00e6re:<\/p>\n\n\n\n<figure class=\"wp-block-embed is-type-video is-provider-youtube wp-block-embed-youtube wp-embed-aspect-4-3 wp-has-aspect-ratio\"><div class=\"wp-block-embed__wrapper\">\n<iframe loading=\"lazy\" title=\"Many Forms of Yoga - Explained\" width=\"1140\" height=\"855\" src=\"https:\/\/www.youtube.com\/embed\/wstIwlomGCw?feature=oembed\" frameborder=\"0\" allow=\"accelerometer; autoplay; clipboard-write; encrypted-media; gyroscope; picture-in-picture; web-share\" referrerpolicy=\"strict-origin-when-cross-origin\" allowfullscreen><\/iframe>\n<\/div><\/figure>\n","protected":false},"excerpt":{"rendered":"<p>Yoga er for mig n\u00e6rv\u00e6r, opm\u00e6rksomhed, kropsbevidsthed og balance. Du vil blive guidet ind i hvert enkelt led og muskel &hellip; <a class=\"more-link\" href=\"https:\/\/www.lyttildinkrop.dk\/?page_id=4358\">More<\/a><\/p>\n","protected":false},"author":2,"featured_media":0,"parent":2658,"menu_order":2,"comment_status":"closed","ping_status":"closed","template":"","meta":{"footnotes":""},"class_list":["post-4358","page","type-page","status-publish","hentry",""],"_links":{"self":[{"href":"https:\/\/www.lyttildinkrop.dk\/index.php?rest_route=\/wp\/v2\/pages\/4358","targetHints":{"allow":["GET"]}}],"collection":[{"href":"https:\/\/www.lyttildinkrop.dk\/index.php?rest_route=\/wp\/v2\/pages"}],"about":[{"href":"https:\/\/www.lyttildinkrop.dk\/index.php?rest_route=\/wp\/v2\/types\/page"}],"author":[{"embeddable":true,"href":"https:\/\/www.lyttildinkrop.dk\/index.php?rest_route=\/wp\/v2\/users\/2"}],"replies":[{"embeddable":true,"href":"https:\/\/www.lyttildinkrop.dk\/index.php?rest_route=%2Fwp%2Fv2%2Fcomments&post=4358"}],"version-history":[{"count":11,"href":"https:\/\/www.lyttildinkrop.dk\/index.php?rest_route=\/wp\/v2\/pages\/4358\/revisions"}],"predecessor-version":[{"id":4850,"href":"https:\/\/www.lyttildinkrop.dk\/index.php?rest_route=\/wp\/v2\/pages\/4358\/revisions\/4850"}],"up":[{"embeddable":true,"href":"https:\/\/www.lyttildinkrop.dk\/index.php?rest_route=\/wp\/v2\/pages\/2658"}],"wp:attachment":[{"href":"https:\/\/www.lyttildinkrop.dk\/index.php?rest_route=%2Fwp%2Fv2%2Fmedia&parent=4358"}],"curies":[{"name":"wp","href":"https:\/\/api.w.org\/{rel}","templated":true}]}}